60. What is the highest common factor of d and y?
16
Suppose -13 + 34 = 3*p. Suppose 6*m + 11 = p*m. Calculate the highest common divisor of m and 55.
11
Let w = -785 + 827. What is the greatest common factor of w and 98?
14
Suppose 13*c = 9*c + 52. Calculate the highest common factor of c and 117.
13
Let g(i) = -4*i - 8. Let l be g(-2). Suppose -16*h - 217 + 825 = l. Let b be (-1)/2 - (-78)/4. What is the greatest common divisor of b and h?
19
Let z be (-3 - -4) + 1 + 1. Suppose 2*r + 96 = 5*k, 2*k - 108 = -z*k - 4*r. What is the greatest common divisor of 4 and k?
4
Let f be 2*(-3 - -879)*30/20. Calculate the highest common divisor of f and 36.
36
Let j = -18 + -5. Let x = j + 34. What is the greatest common factor of x and 11?
11
Let t = -4 + 12. Suppose -6 = -3*h - 2*h - 2*a, -2*a = -5*h - 6. Suppose -81 = -2*q - z, h = 3*q + 3*z - 10 - 113. What is the highest common factor of t and q?
8
Suppose -16*r + 5*z + 2004 = -12*r, -2*r + 4*z = -1008. What is the greatest common divisor of r and 16?
16
Let q be ((-4)/(-2) - 2)/(-1 + 0). Let z = q - -52. What is the highest common divisor of z and 130?
26
Let s(m) = 40*m**2 - 10*m - 6. Let j be s(1). Calculate the highest common divisor of j and 1032.
24
Let a(f) = f**2 + 35*f - 304. Let j be a(18). Calculate the highest common divisor of 50 and j.
50
Let k be (19/5)/(56/560). What is the greatest common factor of 266 and k?
38
Let z be 273/7 - (2 + 1). Let d(j) be the second derivative of 11*j**4/6 + j**3/3 - j**2 + 3*j. Let w be d(2). What is the highest common factor of z and w?
18
Suppose -b - 2 = -2*b + 4*f, f - 7 = b. Let d(l) = -10*l - 23. Let x be d(b). Calculate the highest common divisor of x and 11.
11
Let y be (1 - 0)/(1/85). Suppose 366 = 36*q - 246. What is the highest common factor of y and q?
17
Suppose -2*u + 30 = -7*u. Let i be 12*28/u*-1. Suppose -3*b = 2*b - 35. Calculate the highest common divisor of b and i.
7
Suppose 2*l - l + 20 = 0. Let o = 9 - -13. Let c = o + l. Calculate the greatest common factor of c and 18.
2
Suppose 0 = 2*y + 29 - 199. Suppose 2*w + 45 = y. What is the greatest common divisor of w and 100?
20
Let p be ((-2812)/114)/(4/3 - 2). Suppose -2*c + 197 = 3*u - 35, -3*u + 5*c + 197 = 0. What is the greatest common factor of p and u?
37
Let a = 30 - 13. Suppose 0 = -3*c + b + a + 10, -b - 37 = -4*c. What is the highest common factor of c and 10?
10
Let w(k) = 25*k. Let o be w(11). Suppose 75 = -5*s + o. Calculate the highest common divisor of 5 and s.
5
Suppose 3*c + 3*l = 376 + 7787, 0 = -5*c - l + 13617. Calculate the greatest common factor of c and 12.
12
Suppose -3*k + 4*w = 16, 2*w = -w + 3. Let v be k*1/(-1) + -16. Let b be -11 - v - (-1 - 14). Calculate the greatest common divisor of b and 16.
16
Let p(u) = -94*u + 12. Let w be p(-6). Calculate the highest common divisor of 18 and w.
18
Let k(s) = 51*s**2 - 249*s - 18. Let u be k(5). Let w = 2 + 1. What is the highest common factor of u and w?
3
Suppose 0*p = p - 0*p. Suppose 3*h - 2*y - 14 = p, -7*h + 9 = -6*h - 5*y. What is the highest common factor of h and 4?
4
Let u(o) be the first derivative of o**4/4 - 20*o**3/3 - 11*o**2 + 47*o - 6. Let g be u(21). Calculate the greatest common divisor of 13 and g.
13
Let t be (3 - 0)*3 - -1. Let x be ((-3)/(-2))/(t/140). Let i = x + -18. Calculate the highest common factor of i and 1.
1
Let z be (10/(-4))/(3/(-6)). Suppose 0 = -0*o - z*o + 50. Let d = 22 + -12. Calculate the highest common factor of o and d.
10
Let g be ((-136)/(-6))/((-6)/(-27)). Suppose -3*a + 92 = 3*y - 97, 0 = -y - 3*a + 53. What is the highest common divisor of g and y?
34
Suppose 0 = 13*w - 15*w - 4*f - 8, -4*w + 39 = -3*f. Let b(g) = g**2 + 5*g + 1. Let v be b(-5). What is the greatest common factor of w and v?
1
Let v = 14 - 1. Suppose -5*x + 35 = 5. Suppose 41 = 5*j - 4*q, -4*j = -x*j + 5*q + v. Calculate the highest common factor of 27 and j.
9
Let s = 45 + 30. Suppose 3*o = 3*i + 50 + 151, -o = -4*i - 73. Let l = -35 + o. Calculate the highest common divisor of l and s.
15
Let x(k) = -2*k**3 - k**2 + 3*k + 47. Let d be x(-4). What is the highest common divisor of d and 490?
49
Suppose 43 = -7*u + 162. What is the greatest common factor of u and 119?
17
Let w = 21 + -1. Suppose 134 = 5*m - 4*j - 112, -2*m = 2*j - 102. Calculate the highest common divisor of w and m.
10
Let d(g) be the third derivative of g**5/60 + g**4/12 - g**3/2 + 7*g**2. Let c be d(-9). What is the greatest common factor of c and 30?
30
Let u be (-4)/10*(2 + -42). Let h be 104/3 - u/(-12). Suppose 2*x - h = -4. What is the greatest common divisor of 40 and x?
8
Let u(x) = -4*x**3 - 9*x**2 - 6. Let o be u(-3). What is the highest common factor of o and 567?
21
Let n be (-2)/1 + 154/2. Let j be (-2)/(-8) - 2802/(-24). Suppose -2*u = 3*q - 51, -q = -2*u + 6*u - j. Calculate the highest common divisor of u and n.
15
Let a be ((-8)/(-12)*3 - 3)*-80. Calculate the highest common factor of 80 and a.
80
Let w be 1 + -1 + 2 + -2. Suppose w = s - 3*s + 20. Suppose -4*i - 4*m = -20, -5*i + s*m = 5*m - 45. What is the greatest common divisor of 7 and i?
7
Let p = 3518 - 3450. Suppose 4*r - 3 = 13. Calculate the greatest common divisor of p and r.
4
Let l be (2 - -47) + (8 - -1 - 10). Calculate the greatest common factor of l and 6.
6
Let n(r) = r**3 - 10*r**2 - 11*r + 13. Let a be n(11). Let d = 23 - a. Calculate the greatest common factor of d and 10.
10
Suppose 27*r = 13*r + 406. Calculate the highest common divisor of r and 203.
29
Let l = -43 - -57. Calculate the greatest common factor of 133 and l.
7
Let h(w) be the first derivative of 3*w**2/2 + 27*w + 30. Let k be h(7). What is the highest common divisor of k and 6?
6
Suppose 4*y = a + 9, 3*y + 4*a = a + 3. Suppose -n - 3*i = -2, -72 = -y*n - 2*n + 4*i. Calculate the highest common factor of 28 and n.
14
Let m be ((-3)/9)/((-6)/954). Let x = -37 + m. Let q(y) = -y**2 + 17*y - 4. Let k be q(x). What is the highest common divisor of 3 and k?
3
Suppose 2*y - 3 = -2*k - 1, 2*y = -k + 2. Let s be (3 + 112)/(2 - y). What is the greatest common divisor of 46 and s?
23
Let o(h) = h**2 + 9*h - 12. Let v be o(-9). Let r be (-4)/(v/27) + 0. Let j = 71 + -44. What is the greatest common factor of r and j?
9
Suppose -4*u = -u + 2*f - 102, 3*f - 99 = -3*u. Suppose 86*c - 102*c + 192 = 0. What is the highest common divisor of u and c?
12
Let g = -9 + 15. Let p = -2 - -9. Suppose 9 = 2*m + p. Calculate the highest common divisor of m and g.
1
Let h be ((-1)/3)/(25/(-450)). Suppose x - 4*p - 9 = -2*p, 18 = 2*x + 2*p. Let j = x + -3. Calculate the greatest common factor of h and j.
6
Let n = 656 + -458. Calculate the greatest common factor of 72 and n.
18
Let k(b) = -b**2 - 7*b + 6. Let d be k(-7). Suppose d - 2 = n. Suppose -n*j + s + 2 + 39 = 0, -5*j - 3*s = -64. What is the greatest common factor of j and 77?
11
Suppose 13*v - 308 = 2*v. Suppose -p + 2*o = -v, 9*o + 43 = p + 4*o. What is the highest common factor of p and 18?
18
Let q(g) = 2*g**3 + 4*g**2 - 8*g + 20. Let f be q(4). What is the greatest common factor of 144 and f?
36
Let w = 143 + 181. Let n = w + -172. Suppose -3*j - n = -r, -j + 560 = 4*r + 3*j. Calculate the highest common divisor of r and 13.
13
Let w = 19 - 31. Let x be (w/(-4))/3*1. Let t = 0 + x. What is the greatest common factor of t and 8?
1
Let j = -594 + 790. What is the highest common divisor of 1274 and j?
98
Suppose 0 = -9*c + 92 + 151. Calculate the greatest common divisor of 72 and c.
9
Let g be 18/(-5)*(-70)/21. Suppose 5*s - 39 - 21 = 0. What is the greatest common factor of g and s?
12
Let k = 7 + 4. Suppose k = h - 27. What is the highest common divisor of 190 and h?
38
Suppose 3*c = 5*o + 31, 10*c + o = 5*c + 61. Suppose -8*f = -c*f + 132. Calculate the greatest common factor of f and 363.
33
Suppose 0 = -19*i + 35*i - 3456. What is the greatest common factor of i and 144?
72
Let z be 63/6 + (-6 - 66/(-12)). Let i be 40/(-3)*(-9)/4. What is the greatest common divisor of i and z?
10
Let a(k) = 2*k**2 + 4*k. Let d(r) = 3*r**2 + 4*r. Let p(q) = -4*a(q) + 3*d(q). Let b be p(9). What is the highest common factor of 15 and b?
15
Let c(n) = -13*n + 1. Let p(z) = 13*z - 1. Let l(x) = -5*c(x) - 6*p(x). Let a = -3 - -2. Let f be l(a). Calculate the gr